{"id":1540,"date":"2020-03-23T12:16:29","date_gmt":"2020-03-23T12:16:29","guid":{"rendered":"http:\/\/localhost\/it-tech\/?page_id=1540"},"modified":"2024-09-11T15:52:10","modified_gmt":"2024-09-11T20:52:10","slug":"industries","status":"publish","type":"page","link":"https:\/\/solucione.com.mx\/corporativo\/industries\/","title":{"rendered":"Tecnolog\u00edas de la informaci\u00f3n"},"content":{"rendered":"<p><section class=\"kc-elm kc-css-551656 kc_row\"><div class=\"kc-row-container  kc-container\"><div class=\"kc-wrap-columns\"><div class=\"kc-elm kc-css-960901 kc_col-sm-12 kc_column kc_col-sm-12\"><div class=\"kc-col-container\"><div class=\"kc-elm kc-css-796257 kc_row kc_row_inner\"><div class=\"kc-elm kc-css-644449 kc_col-sm-12 kc_column_inner kc_col-sm-12\"><div class=\"kc_wrapper kc-col-inner-container\">\t\r\r\t<div class=\"kc-elm kc-css-275819 \">\r\r\t\t<div class=\"section-title  t_center\">\r\t\t\t\t\t\t\t<h5>Servicios de Tecnolog\u00edas de la informaci\u00f3n<\/h5>\r\t\t\t\t\t\t<h3>Soluciones<\/h3>\r\t\t\t<h2>en tecnolog\u00edas de la informaci\u00f3n<\/h2>\r\t\t\t\r\t\t\t\t\t\t\r\t\t\t\t\t\t\r\t\t\t\t<div class=\"em-bar-main\">\r\t\t\t\t\t<div class=\"em-bar em-bar-big\"><\/div>\r\t\t\t\t<\/div>\r\t\t\t\t\r\t\t\t\r\r\t\t\t\t\t\t\r\t\t\t\t\r\r\t\t<\/div>\t\r\r\t<\/div>\t\r\r\t<div class=\"kc-elm kc-css-936510\" style=\"height: 30px; clear: both; width:100%;\"><\/div><\/div><\/div><\/div><div class=\"kc-elm kc-css-846302 kc_row kc_row_inner\"><div class=\"kc-elm kc-css-259079 kc_col-sm-4 kc_column_inner kc_col-sm-4\"><div class=\"kc_wrapper kc-col-inner-container\">\r\n\t\t\t<div class=\"em-service service-style-two  kc-elm kc-css-671839\">\t\t\r\n\t\t\t\t\r\n\t\t\t\t\t\t\t\t\t<div class=\"em-service-icon\">\r\n\t\t\t\t\t\t<i class=\"icofont-sand-clock\"><\/i>\r\n\t\t\t\t\t<\/div>\t\t\t\r\n\t\t\t\t\t\r\n\t\t\t\t<div class=\"em_service_content\">\r\n\t\t\t\t\t<div class=\"em-service-title\"><h2>Gesti\u00f3n de TI <\/h2><\/div>\t\t\t\t\t\t\t\r\n\t\t\t\t\t<div class=\"em-service-desc\"><p>Apoyamos la automatizaci\u00f3n de operaciones y aprovechamos los recursos de Tecnolog\u00edas de Informaci\u00f3n para agregar valor a la organizaci\u00f3n. <\/p><\/div>\t\t\t\t\t\t\t\t\t\t\t\t\t\r\n\t\t\t\t<\/div>\r\n\t\t\t<\/div>\t\r\n\t\t\t\r\n\t\t\t<div class=\"em-service service-style-two  kc-elm kc-css-450466\">\t\t\r\n\t\t\t\t\r\n\t\t\t\t\t\t\t\t\t<div class=\"em-service-icon\">\r\n\t\t\t\t\t\t<i class=\"flaticon-graphic-design\"><\/i>\r\n\t\t\t\t\t<\/div>\t\t\t\r\n\t\t\t\t\t\r\n\t\t\t\t<div class=\"em_service_content\">\r\n\t\t\t\t\t<div class=\"em-service-title\"><h2>Dise\u00f1o de TI<\/h2><\/div>\t\t\t\t\t\t\t\r\n\t\t\t\t\t<div class=\"em-service-desc\"><p>Dise\u00f1amos arquitecturas de hardware y software creando entornos de TI que sean m\u00e1s flexibles, escalables y seguros. <\/p><\/div>\t\t\t\t\t\t\t\t\t\t\t\t\t\r\n\t\t\t\t<\/div>\r\n\t\t\t<\/div>\t\r\n\t\t\t<\/div><\/div><div class=\"kc-elm kc-css-219768 kc_col-sm-4 kc_column_inner kc_col-sm-4\"><div class=\"kc_wrapper kc-col-inner-container\">\r\n\t\t\t<div class=\"em-service service-style-two  kc-elm kc-css-77337\">\t\t\r\n\t\t\t\t\r\n\t\t\t\t\t\t\t\t\t<div class=\"em-service-icon\">\r\n\t\t\t\t\t\t<i class=\"flaticon-briefcase\"><\/i>\r\n\t\t\t\t\t<\/div>\t\t\t\r\n\t\t\t\t\t\r\n\t\t\t\t<div class=\"em_service_content\">\r\n\t\t\t\t\t<div class=\"em-service-title\"><h2>Seguridad de datos<\/h2><\/div>\t\t\t\t\t\t\t\r\n\t\t\t\t\t<div class=\"em-service-desc\"><p>Implementar pol\u00edticas en infraestructura para la protecci\u00f3n de datos que asegure la integridad de la informaci\u00f3n de nuestros clientes. <\/p><\/div>\t\t\t\t\t\t\t\t\t\t\t\t\t\r\n\t\t\t\t<\/div>\r\n\t\t\t<\/div>\t\r\n\t\t\t\r\n\t\t\t<div class=\"em-service service-style-two  kc-elm kc-css-320351\">\t\t\r\n\t\t\t\t\r\n\t\t\t\t\t\t\t\t\t<div class=\"em-service-icon\">\r\n\t\t\t\t\t\t<i class=\"icofont-safety\"><\/i>\r\n\t\t\t\t\t<\/div>\t\t\t\r\n\t\t\t\t\t\r\n\t\t\t\t<div class=\"em_service_content\">\r\n\t\t\t\t\t<div class=\"em-service-title\"><h2>Ciberseguridad<\/h2><\/div>\t\t\t\t\t\t\t\r\n\t\t\t\t\t<div class=\"em-service-desc\"><p>Apoyamos en la creaci\u00f3n de infraestructura de ciberseguridad para la protecci\u00f3n de datos privados y amenazas a la organizaci\u00f3n. <\/p><\/div>\t\t\t\t\t\t\t\t\t\t\t\t\t\r\n\t\t\t\t<\/div>\r\n\t\t\t<\/div>\t\r\n\t\t\t<\/div><\/div><div class=\"kc-elm kc-css-828384 kc_col-sm-4 kc_column_inner kc_col-sm-4\"><div class=\"kc_wrapper kc-col-inner-container\">\r\n\t\t\t<div class=\"em-service service-style-two  kc-elm kc-css-287833\">\t\t\r\n\t\t\t\t\r\n\t\t\t\t\t\t\t\t\t<div class=\"em-service-icon\">\r\n\t\t\t\t\t\t<i class=\"flaticon-global\"><\/i>\r\n\t\t\t\t\t<\/div>\t\t\t\r\n\t\t\t\t\t\r\n\t\t\t\t<div class=\"em_service_content\">\r\n\t\t\t\t\t<div class=\"em-service-title\"><h2>Plan de infraestructura<\/h2><\/div>\t\t\t\t\t\t\t\r\n\t\t\t\t\t<div class=\"em-service-desc\"><p>Garantizamos un plan de infraestructura en Tecnolog\u00edas de la Informaci\u00f3n seguro y flexible, impactando la calidad de los servicios. <\/p><\/div>\t\t\t\t\t\t\t\t\t\t\t\t\t\r\n\t\t\t\t<\/div>\r\n\t\t\t<\/div>\t\r\n\t\t\t\r\n\t\t\t<div class=\"em-service service-style-two  kc-elm kc-css-645482\">\t\t\r\n\t\t\t\t\r\n\t\t\t\t\t\t\t\t\t<div class=\"em-service-icon\">\r\n\t\t\t\t\t\t<i class=\"flaticon-work\"><\/i>\r\n\t\t\t\t\t<\/div>\t\t\t\r\n\t\t\t\t\t\r\n\t\t\t\t<div class=\"em_service_content\">\r\n\t\t\t\t\t<div class=\"em-service-title\"><h2>Equipamiento TI<\/h2><\/div>\t\t\t\t\t\t\t\r\n\t\t\t\t\t<div class=\"em-service-desc\"><p>Somos aliados de las mejores marcas de c\u00f3mputo, redes de datos y telecomunicaciones,  brind\u00e1ndote los mejores productos en TI.<\/p><\/div>\t\t\t\t\t\t\t\t\t\t\t\t\t\r\n\t\t\t\t<\/div>\r\n\t\t\t<\/div>\t\r\n\t\t\t<\/div><\/div><\/div><\/div><\/div><\/div><\/div><\/section><section class=\"kc-elm kc-css-955337 kc_row\"><div class=\"kc-row-container  kc-container\"><div class=\"kc-wrap-columns\"><div class=\"kc-elm kc-css-424972 kc_col-sm-12 kc_column kc_col-sm-12\"><div class=\"kc-col-container\"><div class=\"kc-elm kc-css-664439 kc_row kc_row_inner\"><div class=\"kc-elm kc-css-184390 kc_col-sm-12 kc_column_inner kc_col-sm-12\"><div class=\"kc_wrapper kc-col-inner-container\">\t<div class=\"em-call-to-action kc-elm kc-css-426508\">\r\n\t\t<div class=\"em-call-to-video\">\r\n\t\t\t\t\t\t\t<div class=\"em-call-video-link\">\r\n\t\t\t\t\t\t\t\t\t\t<a class=\"video-vemo-icon venobox vbox-item\" data-vbtype=\"youtube\" data-autoplay=\"true\" href=\"https:\/\/youtu.be\/BS4TUd7FJSg\"><i class=\"icofont-play-alt-2\"><\/i><\/a>\r\n\t\t\t\t\t\t\t\t\t\t\t\t\t\t\t\t\t\t\t\t\t\t\t\t\t\r\n\t\t\t\t<\/div>\r\n\t\t\t\t<div class=\"em-call-v-title\">\r\n\t\t\t\t\t\t\t\t\t\t\r\n\t\t\t\t<\/div>\r\n\t\t\t\t\t\t\r\n\t\t<\/div>\r\n\t\t<div class=\"em_single_call-to-action_text\">\r\n\t\t\t<div class=\"call-to-action_top_text\">\r\n\t\t\t\t<div class=\"em-call-to-action-title\"><h2>We Provide Outsourced IT Services For<span class=\"subtitlespan\">Small & Mid-Sized Business<\/span><\/h2><\/div>\t\t\t<\/div>\r\n\t\t\t<div class=\"em-call-to-action-inner\">\t\t\t\t\r\n\t\t\t\t<div class=\"em-call-to-action-desc\">Appropriate for your specific business, making it easy for you to have quality IT services. What We Do<\/div>\t\t\t\t\t\t\t\r\n\t\t\t<\/div>\r\n\t\t\t <div class=\"call-to-action-btn\"><a href=\"#\">Call: +880 584 784 22<\/a><\/div>\t\t<\/div>\r\n\t<\/div>\t\t\r\n\r\n\t\t<\/div><\/div><\/div><\/div><\/div><\/div><\/div><\/section><section class=\"kc-elm kc-css-306739 kc_row\"><div class=\"kc-row-container  kc-container\"><div class=\"kc-wrap-columns\"><div class=\"kc-elm kc-css-859989 kc_col-sm-12 kc_column kc_col-sm-12\"><div class=\"kc-col-container\"><div class=\"kc-elm kc-css-479868 kc_row kc_row_inner\"><div class=\"kc-elm kc-css-585118 kc_col-sm-12 kc_column_inner kc_col-sm-12\"><div class=\"kc_wrapper kc-col-inner-container\">\t\t\t<div class=\" blog_style_adn_2\">\t\t\t\t\r\n\t\t\t\t<div class=\"blog_wrap brand_carousel owl-carousel curosel-style\">\r\n\t\t\t\t\r\n\t\t\t\t\t\t\t\t\t\t\t<!-- single blog -->\r\n\t\t\t\t\t\t<div class=\"   col-md-12 col-xs-12 col-sm-12 \" >\r\n\t\t\t\t\t\t\t<div class=\"single_brand kc-elm kc-css-840284\">\r\n\t\t\t\t\t\t\t\r\n\t\r\n\t\t\t\t\t\t\t\t<div id=\"post-469\" class=\"post-469 em_brand type-em_brand status-publish has-post-thumbnail hentry\">\r\n\t\t\t\t\t\t\t\t\t<div class=\"ittech-single-brand \">\t\t\t\t\t\r\n\t\t\t\t\t\t\t\t\t\t\r\n\t\t\t\t\t\t\t\t\t\t<!-- BLOG THUMB -->\r\n\t\t\t\t\t\t\t\t\t\t\t\t\t\t\t\t\t\t\t\t\t<div class=\"brand-thumb \">\r\n\t\t\t\t\t\t\t\t\t\t\t\t<img loading=\"lazy\" decoding=\"async\" width=\"84\" height=\"114\" src=\"https:\/\/solucione.com.mx\/corporativo\/wp-content\/uploads\/2020\/08\/imss-e1597446362556.png\" class=\"attachment-post-thumbnail size-post-thumbnail wp-post-image\" alt=\"Logo IMSS\" \/>\t\t\t\t\t\t\t\t\t\t\t<\/div>\t\t\t\t\t\t\t\t\t\r\n\t\t\t\t\t\t\t\t\t\t\t\t\t\t\t\t\t\t\t\t\t\t\t\r\n\t\t\t\t\t\t\t\t\t<\/div>\r\n\t\t\t\t\t\t\t\t<\/div> <!--  END SINGLE BLOG -->\r\n\t\r\n\t\t\t\t\t\t\t\t\t\r\n\t\t\t\t\t\t\t<\/div>\r\n\t\t\t\t\t\t\r\n\t\t\t\t\t\t<\/div>\r\n\t\t\t\t\t\t\t\t\t\t\t<!-- single blog -->\r\n\t\t\t\t\t\t<div class=\"   col-md-12 col-xs-12 col-sm-12 \" >\r\n\t\t\t\t\t\t\t<div class=\"single_brand kc-elm kc-css-840284\">\r\n\t\t\t\t\t\t\t\r\n\t\r\n\t\t\t\t\t\t\t\t<div id=\"post-468\" class=\"post-468 em_brand type-em_brand status-publish has-post-thumbnail hentry\">\r\n\t\t\t\t\t\t\t\t\t<div class=\"ittech-single-brand \">\t\t\t\t\t\r\n\t\t\t\t\t\t\t\t\t\t\r\n\t\t\t\t\t\t\t\t\t\t<!-- BLOG THUMB -->\r\n\t\t\t\t\t\t\t\t\t\t\t\t\t\t\t\t\t\t\t\t\t<div class=\"brand-thumb \">\r\n\t\t\t\t\t\t\t\t\t\t\t\t<img loading=\"lazy\" decoding=\"async\" width=\"335\" height=\"117\" src=\"https:\/\/solucione.com.mx\/corporativo\/wp-content\/uploads\/2020\/03\/CFE.png\" class=\"attachment-post-thumbnail size-post-thumbnail wp-post-image\" alt=\"\" srcset=\"https:\/\/solucione.com.mx\/corporativo\/wp-content\/uploads\/2020\/03\/CFE.png 335w, https:\/\/solucione.com.mx\/corporativo\/wp-content\/uploads\/2020\/03\/CFE-300x105.png 300w\" sizes=\"auto, (max-width: 335px) 100vw, 335px\" \/>\t\t\t\t\t\t\t\t\t\t\t<\/div>\t\t\t\t\t\t\t\t\t\r\n\t\t\t\t\t\t\t\t\t\t\t\t\t\t\t\t\t\t\t\t\t\t\t\r\n\t\t\t\t\t\t\t\t\t<\/div>\r\n\t\t\t\t\t\t\t\t<\/div> <!--  END SINGLE BLOG -->\r\n\t\r\n\t\t\t\t\t\t\t\t\t\r\n\t\t\t\t\t\t\t<\/div>\r\n\t\t\t\t\t\t\r\n\t\t\t\t\t\t<\/div>\r\n\t\t\t\t\t\t\t\t\t\t\t<!-- single blog -->\r\n\t\t\t\t\t\t<div class=\"   col-md-12 col-xs-12 col-sm-12 \" >\r\n\t\t\t\t\t\t\t<div class=\"single_brand kc-elm kc-css-840284\">\r\n\t\t\t\t\t\t\t\r\n\t\r\n\t\t\t\t\t\t\t\t<div id=\"post-467\" class=\"post-467 em_brand type-em_brand status-publish has-post-thumbnail hentry\">\r\n\t\t\t\t\t\t\t\t\t<div class=\"ittech-single-brand \">\t\t\t\t\t\r\n\t\t\t\t\t\t\t\t\t\t\r\n\t\t\t\t\t\t\t\t\t\t<!-- BLOG THUMB -->\r\n\t\t\t\t\t\t\t\t\t\t\t\t\t\t\t\t\t\t\t\t\t<div class=\"brand-thumb \">\r\n\t\t\t\t\t\t\t\t\t\t\t\t<img loading=\"lazy\" decoding=\"async\" width=\"129\" height=\"117\" src=\"https:\/\/solucione.com.mx\/corporativo\/wp-content\/uploads\/2020\/03\/Estado-hidalgo.png\" class=\"attachment-post-thumbnail size-post-thumbnail wp-post-image\" alt=\"\" \/>\t\t\t\t\t\t\t\t\t\t\t<\/div>\t\t\t\t\t\t\t\t\t\r\n\t\t\t\t\t\t\t\t\t\t\t\t\t\t\t\t\t\t\t\t\t\t\t\r\n\t\t\t\t\t\t\t\t\t<\/div>\r\n\t\t\t\t\t\t\t\t<\/div> <!--  END SINGLE BLOG -->\r\n\t\r\n\t\t\t\t\t\t\t\t\t\r\n\t\t\t\t\t\t\t<\/div>\r\n\t\t\t\t\t\t\r\n\t\t\t\t\t\t<\/div>\r\n\t\t\t\t\t\t\t\t\t\t\t<!-- single blog -->\r\n\t\t\t\t\t\t<div class=\"   col-md-12 col-xs-12 col-sm-12 \" >\r\n\t\t\t\t\t\t\t<div class=\"single_brand kc-elm kc-css-840284\">\r\n\t\t\t\t\t\t\t\r\n\t\r\n\t\t\t\t\t\t\t\t<div id=\"post-466\" class=\"post-466 em_brand type-em_brand status-publish has-post-thumbnail hentry\">\r\n\t\t\t\t\t\t\t\t\t<div class=\"ittech-single-brand \">\t\t\t\t\t\r\n\t\t\t\t\t\t\t\t\t\t\r\n\t\t\t\t\t\t\t\t\t\t<!-- BLOG THUMB -->\r\n\t\t\t\t\t\t\t\t\t\t\t\t\t\t\t\t\t\t\t\t\t<div class=\"brand-thumb \">\r\n\t\t\t\t\t\t\t\t\t\t\t\t<img loading=\"lazy\" decoding=\"async\" width=\"302\" height=\"117\" src=\"https:\/\/solucione.com.mx\/corporativo\/wp-content\/uploads\/2020\/03\/Logo-Chiapas.png\" class=\"attachment-post-thumbnail size-post-thumbnail wp-post-image\" alt=\"\" srcset=\"https:\/\/solucione.com.mx\/corporativo\/wp-content\/uploads\/2020\/03\/Logo-Chiapas.png 302w, https:\/\/solucione.com.mx\/corporativo\/wp-content\/uploads\/2020\/03\/Logo-Chiapas-300x116.png 300w\" sizes=\"auto, (max-width: 302px) 100vw, 302px\" \/>\t\t\t\t\t\t\t\t\t\t\t<\/div>\t\t\t\t\t\t\t\t\t\r\n\t\t\t\t\t\t\t\t\t\t\t\t\t\t\t\t\t\t\t\t\t\t\t\r\n\t\t\t\t\t\t\t\t\t<\/div>\r\n\t\t\t\t\t\t\t\t<\/div> <!--  END SINGLE BLOG -->\r\n\t\r\n\t\t\t\t\t\t\t\t\t\r\n\t\t\t\t\t\t\t<\/div>\r\n\t\t\t\t\t\t\r\n\t\t\t\t\t\t<\/div>\r\n\t\t\t\t\t\t\t\t\t\t\t<!-- single blog -->\r\n\t\t\t\t\t\t<div class=\"   col-md-12 col-xs-12 col-sm-12 \" >\r\n\t\t\t\t\t\t\t<div class=\"single_brand kc-elm kc-css-840284\">\r\n\t\t\t\t\t\t\t\r\n\t\r\n\t\t\t\t\t\t\t\t<div id=\"post-461\" class=\"post-461 em_brand type-em_brand status-publish has-post-thumbnail hentry\">\r\n\t\t\t\t\t\t\t\t\t<div class=\"ittech-single-brand \">\t\t\t\t\t\r\n\t\t\t\t\t\t\t\t\t\t\r\n\t\t\t\t\t\t\t\t\t\t<!-- BLOG THUMB -->\r\n\t\t\t\t\t\t\t\t\t\t\t\t\t\t\t\t\t\t\t\t\t<div class=\"brand-thumb \">\r\n\t\t\t\t\t\t\t\t\t\t\t\t<img loading=\"lazy\" decoding=\"async\" width=\"140\" height=\"93\" src=\"https:\/\/solucione.com.mx\/corporativo\/wp-content\/uploads\/2020\/03\/pemex-e1597445988613.png\" class=\"attachment-post-thumbnail size-post-thumbnail wp-post-image\" alt=\"Logo de pemex\" \/>\t\t\t\t\t\t\t\t\t\t\t<\/div>\t\t\t\t\t\t\t\t\t\r\n\t\t\t\t\t\t\t\t\t\t\t\t\t\t\t\t\t\t\t\t\t\t\t\r\n\t\t\t\t\t\t\t\t\t<\/div>\r\n\t\t\t\t\t\t\t\t<\/div> <!--  END SINGLE BLOG -->\r\n\t\r\n\t\t\t\t\t\t\t\t\t\r\n\t\t\t\t\t\t\t<\/div>\r\n\t\t\t\t\t\t\r\n\t\t\t\t\t\t<\/div>\r\n\t\t\t\t\t\t\r\n\t\t\t\t\t\r\n\t\t\t\t\t\r\n\t\t\t\t<\/div>\r\n\t\t\t<\/div>\t\t\t\t\t\r\n\t\t\t\t\t\r\n\t\t<\/div><\/div><\/div><\/div><\/div><\/div><\/div><\/section><\/p>\n","protected":false},"excerpt":{"rendered":"","protected":false},"author":1,"featured_media":0,"parent":0,"menu_order":0,"comment_status":"closed","ping_status":"closed","template":"page-templates\/template-default.php","meta":{"footnotes":""},"class_list":["post-1540","page","type-page","status-publish","hentry"],"_links":{"self":[{"href":"https:\/\/solucione.com.mx\/corporativo\/wp-json\/wp\/v2\/pages\/1540","targetHints":{"allow":["GET"]}}],"collection":[{"href":"https:\/\/solucione.com.mx\/corporativo\/wp-json\/wp\/v2\/pages"}],"about":[{"href":"https:\/\/solucione.com.mx\/corporativo\/wp-json\/wp\/v2\/types\/page"}],"author":[{"embeddable":true,"href":"https:\/\/solucione.com.mx\/corporativo\/wp-json\/wp\/v2\/users\/1"}],"replies":[{"embeddable":true,"href":"https:\/\/solucione.com.mx\/corporativo\/wp-json\/wp\/v2\/comments?post=1540"}],"version-history":[{"count":14,"href":"https:\/\/solucione.com.mx\/corporativo\/wp-json\/wp\/v2\/pages\/1540\/revisions"}],"predecessor-version":[{"id":3040,"href":"https:\/\/solucione.com.mx\/corporativo\/wp-json\/wp\/v2\/pages\/1540\/revisions\/3040"}],"wp:attachment":[{"href":"https:\/\/solucione.com.mx\/corporativo\/wp-json\/wp\/v2\/media?parent=1540"}],"curies":[{"name":"wp","href":"https:\/\/api.w.org\/{rel}","templated":true}]}}