{"id":3077,"date":"2024-09-20T15:03:57","date_gmt":"2024-09-20T20:03:57","guid":{"rendered":"https:\/\/solucione.com.mx\/corporativo\/?page_id=3077"},"modified":"2024-09-24T15:38:31","modified_gmt":"2024-09-24T20:38:31","slug":"gestion","status":"publish","type":"page","link":"https:\/\/solucione.com.mx\/corporativo\/gestion\/","title":{"rendered":"Gesti\u00f3n"},"content":{"rendered":"<section class=\"kc-elm kc-css-549493 kc_row\"><div class=\"kc-row-container  kc-container\"><div class=\"kc-wrap-columns\"><div class=\"kc-elm kc-css-793777 kc_col-sm-6 kc_column kc_col-sm-6\"><div class=\"kc-col-container\"><div class=\"kc-elm kc-css-441924 kc-raw-code\"><!DOCTYPE html>\r\n<html lang=\"es\">\r\n<head>\r\n    <meta charset=\"UTF-8\">\r\n    <meta name=\"viewport\" content=\"width=device-width, initial-scale=1.0\">\r\n    <style>\r\n        .carousel-container {\r\n            width: 70%;\r\n            overflow: hidden;\r\n            position: relative;\r\n        }\r\n\r\n        .carousel-images {\r\n            display: flex;\r\n            transition: transform 0.5s ease-in-out;\r\n        }\r\n\r\n        .carousel-images img {\r\n            width: 100%;\r\n            min-width: 100%;\r\n            background-size: cover;\r\n        }\r\n\r\n        @keyframes slide {\r\n            0% { transform: translateX(0); }\r\n            25% { transform: translateX(-100%); }\r\n            50% { transform: translateX(-200%); }\r\n            75% { transform: translateX(-300%); }\r\n            100% { transform: translateX(0); }\r\n        }\r\n\r\n        .carousel-images {\r\n            animation: slide 8s infinite;\r\n        }\r\n\r\n    <\/style>\r\n<\/head>\r\n<body>\r\n    <div class=\"carousel-container\">\r\n        <div class=\"carousel-images\">\r\n            <img decoding=\"async\" src=\"https:\/\/solucione.com.mx\/corporativo\/wp-content\/uploads\/2024\/09\/WhatsApp-Image-2024-09-20-at-3.25.56-PM.jpeg\" alt=\"Imagen 1\">\r\n            <img decoding=\"async\" src=\"https:\/\/solucione.com.mx\/corporativo\/wp-content\/uploads\/2024\/09\/WhatsApp-Image-2024-09-20-at-3.24.33-PM.jpeg\">\r\n            <img decoding=\"async\" src=\"https:\/\/solucione.com.mx\/corporativo\/wp-content\/uploads\/2024\/09\/WhatsApp-Image-2024-09-20-at-3.22.35-PM.jpeg\">\r\n            <img decoding=\"async\" src=\"https:\/\/solucione.com.mx\/corporativo\/wp-content\/uploads\/2024\/09\/WhatsApp-Image-2024-09-20-at-3.22.03-PM.jpeg\">\r\n        <\/div>\r\n    <\/div>\r\n<\/body>\r\n<\/html><\/div><\/div><\/div><div class=\"kc-elm kc-css-666118 kc_col-sm-6 kc_column kc_col-sm-6\"><div class=\"kc-col-container\">\n<div class=\"kc-elm kc-css-887753 kc-title-wrap \">\n\n\t<h2 class=\"kc_title\">Gesti\u00f3n<\/h2>\n<\/div>\n<div class=\"kc-elm kc-css-537764\" style=\"height: 57px; clear: both; width:100%;\"><\/div><div class=\"kc-elm kc-css-743489 kc_text_block\"><\/p>\n<p>Como gestores de tecnolog\u00edas de la informaci\u00f3n en el sector de telecomunicaciones, nos enfocamos en implementar y administrar soluciones tecnol\u00f3gicas que impulsen la eficiencia y el crecimiento de la empresa. Nuestra misi\u00f3n es garantizar que las infraestructuras y sistemas est\u00e9n siempre operativos, seguros y alineados con las demandas del mercado.\u00a0<\/p>\n<p>Nos comprometemos a innovar continuamente, asegurando que nuestras soluciones tecnol\u00f3gicas apoyen el \u00e9xito a largo plazo de la organizaci\u00f3n y de nuestros clientes.<\/p>\n<p>\n<\/div><\/div><\/div><\/div><\/div><\/section>\n","protected":false},"excerpt":{"rendered":"","protected":false},"author":3,"featured_media":0,"parent":0,"menu_order":0,"comment_status":"closed","ping_status":"closed","template":"","meta":{"footnotes":""},"class_list":["post-3077","page","type-page","status-publish","hentry"],"_links":{"self":[{"href":"https:\/\/solucione.com.mx\/corporativo\/wp-json\/wp\/v2\/pages\/3077","targetHints":{"allow":["GET"]}}],"collection":[{"href":"https:\/\/solucione.com.mx\/corporativo\/wp-json\/wp\/v2\/pages"}],"about":[{"href":"https:\/\/solucione.com.mx\/corporativo\/wp-json\/wp\/v2\/types\/page"}],"author":[{"embeddable":true,"href":"https:\/\/solucione.com.mx\/corporativo\/wp-json\/wp\/v2\/users\/3"}],"replies":[{"embeddable":true,"href":"https:\/\/solucione.com.mx\/corporativo\/wp-json\/wp\/v2\/comments?post=3077"}],"version-history":[{"count":59,"href":"https:\/\/solucione.com.mx\/corporativo\/wp-json\/wp\/v2\/pages\/3077\/revisions"}],"predecessor-version":[{"id":3280,"href":"https:\/\/solucione.com.mx\/corporativo\/wp-json\/wp\/v2\/pages\/3077\/revisions\/3280"}],"wp:attachment":[{"href":"https:\/\/solucione.com.mx\/corporativo\/wp-json\/wp\/v2\/media?parent=3077"}],"curies":[{"name":"wp","href":"https:\/\/api.w.org\/{rel}","templated":true}]}}