{"id":5579,"date":"2026-04-08T11:40:47","date_gmt":"2026-04-08T17:40:47","guid":{"rendered":"https:\/\/solucione.com.mx\/corporativo\/?page_id=5579"},"modified":"2026-04-08T12:59:01","modified_gmt":"2026-04-08T18:59:01","slug":"bases-de-datos-empresariales","status":"publish","type":"page","link":"https:\/\/solucione.com.mx\/corporativo\/bases-de-datos-empresariales\/","title":{"rendered":"Bases de datos empresariales"},"content":{"rendered":"<p><section class=\"kc-elm kc-css-673987 kc_row\"><div class=\"kc-row-container\"><div class=\"kc-wrap-columns\"><div class=\"kc-elm kc-css-103853 kc_col-sm-12 kc_column kc_col-sm-12\"><div class=\"kc-col-container\"><div class=\"kc-elm kc-css-233929 kc_row kc_row_inner\"><div class=\"kc-elm kc-css-599309 kc_col-sm-12 kc_column_inner kc_col-sm-12\"><div class=\"kc_wrapper kc-col-inner-container\">       <!-- INTRO -->\r\n        <section id=\"parallax\" class=\"banner-area em-slick-slider-new kc-elm kc-css-306944\">\r\n\r\n\t\t\t\t    <div class=\"single-slide slide-one-bg slider-style-four kc-elm kc-css-87781\" style=\"background-image:url(https:\/\/solucione.com.mx\/corporativo\/wp-content\/uploads\/2026\/04\/fondo-bd.png)\t\">\r\n\t\t <div class=\"banner-content banner-slick text-left\">\r\n\t\t<h4 class=\"wow fadeInDown\" animation-duration=\"1s\" animation-delay=\"0s\"><\/h4>\r\n\t\t\t<h1 class=\"wow fadeInDown\" animation-duration=\"2s\" animation-delay=\"1s\">Bases de Datos Empresariales<span class=\"redX\"><\/span><\/h1>\r\n\t\t\t<h2 class=\"wow fadeInDown\" animation-duration=\"3s\" animation-delay=\"1s\">Infraestructura de datos s\u00f3lida para tu negocio<\/h2>\r\n\t\t\t<h3 class=\"wow fadeInDown\" animation-duration=\"3s\" animation-delay=\"1s\"><\/h3>\r\n\t\t\t<p>Dise\u00f1amos y gestionamos entornos de datos confiables que impulsan la eficiencia operativa, aseguran la disponibilidad de la informaci\u00f3n y acompa\u00f1an el crecimiento de tu empresa.<\/p>\r\n\t\t\t<div class=\"slick-slider-button wow fadeInUp\" animation-duration=\"3s\" animation-delay=\"1s\">\r\n\t\t\t\t\t\t\t\t\t<\/div>\r\n\r\n\t\t\t<\/div>\r\n\t\t\t\t\t\t\t<div class=\"slider-video-icon\">\r\n\t\t\t\t\t\t\t\t\t\t\t\t\t\t\t\r\n\t\t\t\t<\/div>\r\n\t\t\t\t\r\n\t\t<\/div>\r\n\t        <\/section>\r\n        <!-- \/INTRO -->\r\n\r\n\t<\/div><\/div><\/div><\/div><\/div><\/div><\/div><\/section><section class=\"kc-elm kc-css-760942 kc_row\"><div class=\"kc-row-container  kc-container\"><div class=\"kc-wrap-columns\"><div class=\"kc-elm kc-css-20116 kc_col-sm-6 kc_column kc_col-sm-6\"><div class=\"kc-col-container\"><div class=\"kc-elm kc-css-237136\" style=\"height: 150px; clear: both; width:100%;\"><\/div>\t\r\r\t<div class=\"kc-elm kc-css-23142 \">\r\r\t\t<div class=\"section-title  t_left\">\r\t\t\t\t\t\t<h3>Bases de datos <\/h3>\r\t\t\t<h2>Empresariales<\/h2>\r\t\t\t\r\t\t\t\t\t\t\r\t\t\t\t\t\t\r\t\t\t\t<div class=\"em-bar-main\">\r\t\t\t\t\t<div class=\"em-bar em-bar-big\"><\/div>\r\t\t\t\t<\/div>\r\t\t\t\t\r\t\t\t\r\r\t\t\t\r\t\t\t\t<p class=\" text-alignm\">Desarrollamos plataformas robustas con tecnolog\u00edas lideres como WordPress, Umbraco y Laravel, enfocadas en rendimiento, seguridad y escabilidad.  <\/p>\r\r\t\t\t\t\t\t\r\t\t\t\t\r\r\t\t<\/div>\t\r\r\t<\/div>\t\r\r\t<div class=\"kc-elm kc-css-370945 kc_text_block\"><\/p>\n<p>Soluciones avanzadas para administraci\u00f3n, optimizaci\u00f3n y seguridad de bases de datos en entornos empresariales.\u00a0<\/p>\n<\/p>\n<p>\n<\/div><div class=\"kc-elm kc-css-848292 kc_text_block\"><\/p>\n<p data-start=\"469\" data-end=\"804\">Implementamos soluciones robustas que permiten gestionar grandes vol\u00famenes de informaci\u00f3n de forma eficiente, segura y escalable, optimizado el rendimiento y garantizando la disponibilidad de datos<\/p>\n<\/p>\n<p>\n<\/div><div class=\"kc-elm kc-css-309670\" style=\"height: 25px; clear: both; width:100%;\"><\/div><\/div><\/div><div class=\"kc-elm kc-css-762222 kc_col-sm-6 kc_column kc_col-sm-6\"><div class=\"kc-col-container\"><div class=\"kc-elm kc-css-582317\" style=\"height: 300px; clear: both; width:100%;\"><\/div><div class=\"kc-elm kc-css-489021 kc-raw-code\"><div style=\"padding:25px; border-radius:15px; background:#ffffff; box-shadow:0 8px 25px rgba(0,0,0,0.08); display:flex; flex-direction:column; gap:20px;\">\r\n\r\n  <!-- ITEM 1 -->\r\n  <div style=\"display:flex; align-items:center; gap:15px;\">\r\n    <div style=\"width:50px; height:50px; display:flex; align-items:center; justify-content:center; background:#e9f2ff; border-radius:10px;\">\r\n      \ud83d\udcbe\r\n    <\/div>\r\n    <div>\r\n      <div style=\"font-weight:600; font-size:18px;\">Administraci\u00f3n<\/div>\r\n      <div style=\"color:#6b7280; font-size:14px;\">\r\n        Gesti\u00f3n completa de bases de datos empresariales.\r\n      <\/div>\r\n    <\/div>\r\n  <\/div>\r\n\r\n  <!-- ITEM 2 -->\r\n  <div style=\"display:flex; align-items:center; gap:15px;\">\r\n    <div style=\"width:50px; height:50px; display:flex; align-items:center; justify-content:center; background:#e9f2ff; border-radius:10px;\">\r\n      \u26a1\r\n    <\/div>\r\n    <div>\r\n      <div style=\"font-weight:600; font-size:18px;\">Rendimiento<\/div>\r\n      <div style=\"color:#6b7280; font-size:14px;\">\r\n        Optimizaci\u00f3n para consultas r\u00e1pidas y eficientes.\r\n      <\/div>\r\n    <\/div>\r\n  <\/div>\r\n\r\n  <!-- ITEM 3 -->\r\n  <div style=\"display:flex; align-items:center; gap:15px;\">\r\n    <div style=\"width:50px; height:50px; display:flex; align-items:center; justify-content:center; background:#e9f2ff; border-radius:10px;\">\r\n      \ud83d\udd12\r\n    <\/div>\r\n    <div>\r\n      <div style=\"font-weight:600; font-size:18px;\">Seguridad<\/div>\r\n      <div style=\"color:#6b7280; font-size:14px;\">\r\n        Protecci\u00f3n avanzada de informaci\u00f3n cr\u00edtica.\r\n      <\/div>\r\n    <\/div>\r\n  <\/div>\r\n\r\n<\/div><\/div><\/div><\/div><\/div><\/div><\/section><section class=\"kc-elm kc-css-495145 kc-animated kc-animate-eff-zoomIn kc_row\"><div class=\"kc-row-container  kc-container\"><div class=\"kc-wrap-columns\"><div class=\"kc-elm kc-css-202291 kc_col-sm-4 kc_column kc_col-sm-4\"><div class=\"kc-col-container\"><div class=\"kc-elm kc-css-835344\" style=\"height: 50px; clear: both; width:100%;\"><\/div><div class=\"kc-elm kc-css-515198 kc-raw-code\"><div style=\"display:flex; align-items:center; gap:12px; padding:16px; border-radius:10px; background:#ffffff; box-shadow:0 4px 12px rgba(0,0,0,0.06); border-left:4px solid #2563eb;\">\r\n\r\n  <div style=\"font-size:22px;\">\ud83d\ude80<\/div>\r\n\r\n  <div style=\"font-weight:500; font-size:15px;\">\r\n    Mayor rendimiento\r\n  <\/div>\r\n\r\n<\/div><\/div><div class=\"kc-elm kc-css-541431\" style=\"height: 70px; clear: both; width:100%;\"><\/div><\/div><\/div><div class=\"kc-elm kc-css-116812 kc_col-sm-4 kc_column kc_col-sm-4\"><div class=\"kc-col-container\"><div class=\"kc-elm kc-css-684694\" style=\"height: 50px; clear: both; width:100%;\"><\/div><div class=\"kc-elm kc-css-759049 kc-raw-code\"><div style=\"display:flex; align-items:center; gap:12px; padding:16px; border-radius:10px; background:#ffffff; box-shadow:0 4px 12px rgba(0,0,0,0.06); border-left:4px solid #2563eb;\">\r\n\r\n  <div style=\"font-size:22px;\">\u23f1\ufe0f<\/div>\r\n\r\n  <div style=\"font-weight:500; font-size:15px;\">\r\n    Menor tiempo de respuesta\r\n  <\/div>\r\n\r\n<\/div><\/div><div class=\"kc-elm kc-css-301946\" style=\"height: 70px; clear: both; width:100%;\"><\/div><\/div><\/div><div class=\"kc-elm kc-css-489345 kc_col-sm-4 kc_column kc_col-sm-4\"><div class=\"kc-col-container\"><div class=\"kc-elm kc-css-496011\" style=\"height: 50px; clear: both; width:100%;\"><\/div><div class=\"kc-elm kc-css-38440 kc-raw-code\"><div style=\"display:flex; align-items:center; gap:12px; padding:16px; border-radius:10px; background:#ffffff; box-shadow:0 4px 12px rgba(0,0,0,0.06); border-left:4px solid #2563eb;\">\r\n\r\n  <div style=\"font-size:22px;\">\ud83d\udcc8<\/div>\r\n\r\n  <div style=\"font-weight:500; font-size:15px;\">\r\n    Escalabilidad empresarial\r\n  <\/div>\r\n\r\n<\/div><\/div><div class=\"kc-elm kc-css-302627\" style=\"height: 70px; clear: both; width:100%;\"><\/div><\/div><\/div><\/div><\/div><\/section><\/p>\n","protected":false},"excerpt":{"rendered":"","protected":false},"author":10,"featured_media":0,"parent":0,"menu_order":0,"comment_status":"closed","ping_status":"open","template":"page-templates\/template-default.php","meta":{"footnotes":""},"class_list":["post-5579","page","type-page","status-publish","hentry"],"_links":{"self":[{"href":"https:\/\/solucione.com.mx\/corporativo\/wp-json\/wp\/v2\/pages\/5579","targetHints":{"allow":["GET"]}}],"collection":[{"href":"https:\/\/solucione.com.mx\/corporativo\/wp-json\/wp\/v2\/pages"}],"about":[{"href":"https:\/\/solucione.com.mx\/corporativo\/wp-json\/wp\/v2\/types\/page"}],"author":[{"embeddable":true,"href":"https:\/\/solucione.com.mx\/corporativo\/wp-json\/wp\/v2\/users\/10"}],"replies":[{"embeddable":true,"href":"https:\/\/solucione.com.mx\/corporativo\/wp-json\/wp\/v2\/comments?post=5579"}],"version-history":[{"count":33,"href":"https:\/\/solucione.com.mx\/corporativo\/wp-json\/wp\/v2\/pages\/5579\/revisions"}],"predecessor-version":[{"id":5648,"href":"https:\/\/solucione.com.mx\/corporativo\/wp-json\/wp\/v2\/pages\/5579\/revisions\/5648"}],"wp:attachment":[{"href":"https:\/\/solucione.com.mx\/corporativo\/wp-json\/wp\/v2\/media?parent=5579"}],"curies":[{"name":"wp","href":"https:\/\/api.w.org\/{rel}","templated":true}]}}